{"id":4778,"date":"2023-11-07T14:05:35","date_gmt":"2023-11-07T13:05:35","guid":{"rendered":"https:\/\/nowa.umig.olkusz.pl\/?page_id=4778"},"modified":"2023-11-07T14:07:13","modified_gmt":"2023-11-07T13:07:13","slug":"olkuskie-nekropolie","status":"publish","type":"page","link":"https:\/\/umig.olkusz.pl\/index.php\/olkuskie-nekropolie\/","title":{"rendered":"Olkuskie nekropolie"},"content":{"rendered":"\t\t<div data-elementor-type=\"wp-page\" data-elementor-id=\"4778\" class=\"elementor elementor-4778\" data-elementor-post-type=\"page\">\n\t\t\t\t<div class=\"elementor-element elementor-element-33af742f e-flex e-con-boxed e-con e-parent\" data-id=\"33af742f\" data-element_type=\"container\" data-e-type=\"container\">\n\t\t\t\t\t<div class=\"e-con-inner\">\n\t\t\t\t<div class=\"elementor-element elementor-element-229b45b9 elementor-widget elementor-widget-heading\" data-id=\"229b45b9\" data-element_type=\"widget\" data-e-type=\"widget\" data-widget_type=\"heading.default\">\n\t\t\t\t<div class=\"elementor-widget-container\">\n\t\t\t\t\t<h2 class=\"elementor-heading-title elementor-size-default\">Olkuskie nekropolie<\/h2>\t\t\t\t<\/div>\n\t\t\t\t<\/div>\n\t\t\t\t\t<\/div>\n\t\t\t\t<\/div>\n\t\t<div class=\"elementor-element elementor-element-5b75f398 e-flex e-con-boxed e-con e-parent\" data-id=\"5b75f398\" data-element_type=\"container\" data-e-type=\"container\">\n\t\t\t\t\t<div class=\"e-con-inner\">\n\t\t<div class=\"elementor-element elementor-element-766cea30 e-flex e-con-boxed e-con e-child\" data-id=\"766cea30\" data-element_type=\"container\" data-e-type=\"container\">\n\t\t\t\t\t<div class=\"e-con-inner\">\n\t\t<div class=\"elementor-element elementor-element-2c9fc6aa e-con-full e-flex e-con e-child\" data-id=\"2c9fc6aa\" data-element_type=\"container\" data-e-type=\"container\">\n\t\t\t\t<div class=\"elementor-element elementor-element-ebec5bb elementor-widget elementor-widget-text-editor\" data-id=\"ebec5bb\" data-element_type=\"widget\" data-e-type=\"widget\" data-widget_type=\"text-editor.default\">\n\t\t\t\t<div class=\"elementor-widget-container\">\n\t\t\t\t\t\t\t\t\t<p>Olkuskie cmentarze, to historia miasta zapisana w grobach. Jednym z bardziej znanych jest gr\u00f3b pu\u0142kownika Francesco Nullo, w\u0142oskiego ochotnika, kt\u00f3ry poleg\u0142 w powstaniu styczniowym.<\/p><p>Olkuski Stary Cmentarz powsta\u0142 na pocz\u0105tku XIX wieku. Na cmentarzu znajduje si\u0119 gr\u00f3b pu\u0142kownika Francesco Nullo, kt\u00f3ry poleg\u0142 5 maja 1863 roku w bitwie pod Krzykawk\u0105. Na starym cmentarzu znajduj\u0105 si\u0119 tak\u017ce groby innych powsta\u0144c\u00f3w styczniowych oraz zas\u0142u\u017conych Olkuszan.<\/p><p>Charakter \u201e\u015aciany pami\u0119ci\u201d ma kamienny mur odgradzaj\u0105cy cz\u0119\u015b\u0107 prawos\u0142awn\u0105 cmentarza. Znajduj\u0105 si\u0119 tam tablice upami\u0119tniaj\u0105ce Olkuszan poleg\u0142ych podczas wojen i powsta\u0144 narodowych. Na cmentarzu znajduje si\u0119 tak\u017ce pomnik po\u015bwi\u0119cony mieszka\u0144com Ziemi Olkuskiej zamordowanym w hitlerowskich wi\u0119zieniach i obozach koncentracyjnych.<\/p><p>Na olkuskim cmentarzu parafialnym przy ul. Powsta\u0144c\u00f3w \u015al\u0105skich, w 43 zbiorowych mogi\u0142ach pochowano szcz\u0105tki przesz\u0142o trzystu \u017co\u0142nierzy armii austro-w\u0119gierskiej, rosyjskiej i Legion\u00f3w Polskich, kt\u00f3rzy zgin\u0119li podczas walk I wojny \u015bwiatowej, jakie toczy\u0142y si\u0119 w okolicach Olkusza.<\/p><p>Obok znajduje si\u0119 kwatera, w kt\u00f3rej pochowano w zbiorowych mogi\u0142ach 1113 \u017co\u0142nierzy Armii Czerwonej poleg\u0142ych w styczniu 1945 roku. Na cmentarzu parafialnym znajduj\u0105 si\u0119 tak\u017ce groby Olkuszan, uczestnik\u00f3w powstania styczniowego i walk o niepodleg\u0142o\u015b\u0107.<\/p>\t\t\t\t\t\t\t\t<\/div>\n\t\t\t\t<\/div>\n\t\t\t\t<\/div>\n\t\t<div class=\"elementor-element elementor-element-4e896dc9 e-con-full e-flex e-con e-child\" data-id=\"4e896dc9\" data-element_type=\"container\" data-e-type=\"container\">\n\t\t\t\t<div class=\"elementor-element elementor-element-577a9a57 elementor-widget elementor-widget-image\" data-id=\"577a9a57\" data-element_type=\"widget\" data-e-type=\"widget\" data-widget_type=\"image.default\">\n\t\t\t\t<div class=\"elementor-widget-container\">\n\t\t\t\t\t\t\t\t\t\t\t\t\t\t\t<img fetchpriority=\"high\" decoding=\"async\" width=\"800\" height=\"534\" src=\"https:\/\/umig.olkusz.pl\/wp-content\/uploads\/2023\/11\/stary_cmentarz_olkusz_1.jpeg\" class=\"attachment-large size-large wp-image-4780\" alt=\"\" srcset=\"https:\/\/umig.olkusz.pl\/wp-content\/uploads\/2023\/11\/stary_cmentarz_olkusz_1.jpeg 1000w, https:\/\/umig.olkusz.pl\/wp-content\/uploads\/2023\/11\/stary_cmentarz_olkusz_1-300x200.jpeg 300w, https:\/\/umig.olkusz.pl\/wp-content\/uploads\/2023\/11\/stary_cmentarz_olkusz_1-768x512.jpeg 768w\" sizes=\"(max-width: 800px) 100vw, 800px\" \/>\t\t\t\t\t\t\t\t\t\t\t\t\t\t\t<\/div>\n\t\t\t\t<\/div>\n\t\t\t\t<\/div>\n\t\t\t\t\t<\/div>\n\t\t\t\t<\/div>\n\t\t\t\t\t<\/div>\n\t\t\t\t<\/div>\n\t\t<div class=\"elementor-element elementor-element-19c367d5 e-flex e-con-boxed e-con e-parent\" data-id=\"19c367d5\" data-element_type=\"container\" data-e-type=\"container\">\n\t\t\t\t\t<div class=\"e-con-inner\">\n\t\t\t\t<div class=\"elementor-element elementor-element-181aea7f elementor-widget elementor-widget-heading\" data-id=\"181aea7f\" data-element_type=\"widget\" data-e-type=\"widget\" data-widget_type=\"heading.default\">\n\t\t\t\t<div class=\"elementor-widget-container\">\n\t\t\t\t\t<h2 class=\"elementor-heading-title elementor-size-default\">Cmentarze \u017cydowskie w Olkuszu<\/h2>\t\t\t\t<\/div>\n\t\t\t\t<\/div>\n\t\t\t\t<div class=\"elementor-element elementor-element-4a7c16fc elementor-widget-divider--view-line elementor-widget elementor-widget-divider\" data-id=\"4a7c16fc\" data-element_type=\"widget\" data-e-type=\"widget\" data-widget_type=\"divider.default\">\n\t\t\t\t<div class=\"elementor-widget-container\">\n\t\t\t\t\t\t\t<div class=\"elementor-divider\">\n\t\t\t<span class=\"elementor-divider-separator\">\n\t\t\t\t\t\t<\/span>\n\t\t<\/div>\n\t\t\t\t\t\t<\/div>\n\t\t\t\t<\/div>\n\t\t<div class=\"elementor-element elementor-element-20825ddc e-flex e-con-boxed e-con e-child\" data-id=\"20825ddc\" data-element_type=\"container\" data-e-type=\"container\">\n\t\t\t\t\t<div class=\"e-con-inner\">\n\t\t<div class=\"elementor-element elementor-element-1ce158c3 e-con-full e-flex e-con e-child\" data-id=\"1ce158c3\" data-element_type=\"container\" data-e-type=\"container\">\n\t\t\t\t<div class=\"elementor-element elementor-element-6dc53367 elementor-widget elementor-widget-text-editor\" data-id=\"6dc53367\" data-element_type=\"widget\" data-e-type=\"widget\" data-widget_type=\"text-editor.default\">\n\t\t\t\t<div class=\"elementor-widget-container\">\n\t\t\t\t\t\t\t\t\t<p>Pami\u0105tk\u0105 wielowiekowej obecno\u015bci ludno\u015bci \u017cydowskiej w Olkuszu s\u0105 dwa cmentarze. Najstarsze znajduj\u0105ce si\u0119 na nich macewy pochodz\u0105 z XVII wieku.<\/p><p>Najstarsze wzmianki dotycz\u0105ce obecno\u015bci \u017byd\u00f3w w Olkuszu pochodz\u0105 z 1317 roku, a najstarsza informacja o cmentarzu \u017cydowskim w Olkuszu jest datowana na 1584 rok. Podczas II wojny \u015bwiatowej cmentarz zosta\u0142 zniszczony przez Niemc\u00f3w, a wi\u0119kszo\u015b\u0107 macew i tumb wywieziono. Najstarsze zachowane macewy pochodz\u0105 z pocz\u0105tku XVII wieku. W ostatnich latach, staraniem w\u0142adz Olkusza, cmentarz przy ul. Kolorowej zosta\u0142 uporz\u0105dkowany. Kilkadziesi\u0105t zachowanych nagrobk\u00f3w zosta\u0142o ustawionych w kilku rz\u0119dach. Drugi cmentarz \u017cydowski w Olkuszu znajduje si\u0119 przy ulicy Jana Kantego. Cmentarz powsta\u0142 na pocz\u0105tku XX wieku i uleg\u0142 zniszczeniu podczas okupacji oraz w okresie powojennym. Obecnie na jego terenie znajduje si\u0119 oko\u0142o dwustu zachowanych nagrobk\u00f3w i ich fragment\u00f3w.<\/p>\t\t\t\t\t\t\t\t<\/div>\n\t\t\t\t<\/div>\n\t\t\t\t<\/div>\n\t\t<div class=\"elementor-element elementor-element-1331dd33 e-con-full e-flex e-con e-child\" data-id=\"1331dd33\" data-element_type=\"container\" data-e-type=\"container\">\n\t\t\t\t<div class=\"elementor-element elementor-element-7e255655 elementor-widget elementor-widget-image\" data-id=\"7e255655\" data-element_type=\"widget\" data-e-type=\"widget\" data-widget_type=\"image.default\">\n\t\t\t\t<div class=\"elementor-widget-container\">\n\t\t\t\t\t\t\t\t\t\t\t\t\t\t\t<img decoding=\"async\" width=\"800\" height=\"531\" src=\"https:\/\/umig.olkusz.pl\/wp-content\/uploads\/2023\/11\/cmentarz_zydowski_olkusz_2.jpg\" class=\"attachment-large size-large wp-image-4781\" alt=\"\" srcset=\"https:\/\/umig.olkusz.pl\/wp-content\/uploads\/2023\/11\/cmentarz_zydowski_olkusz_2.jpg 1024w, https:\/\/umig.olkusz.pl\/wp-content\/uploads\/2023\/11\/cmentarz_zydowski_olkusz_2-300x199.jpg 300w, https:\/\/umig.olkusz.pl\/wp-content\/uploads\/2023\/11\/cmentarz_zydowski_olkusz_2-768x510.jpg 768w\" sizes=\"(max-width: 800px) 100vw, 800px\" \/>\t\t\t\t\t\t\t\t\t\t\t\t\t\t\t<\/div>\n\t\t\t\t<\/div>\n\t\t\t\t<\/div>\n\t\t\t\t\t<\/div>\n\t\t\t\t<\/div>\n\t\t\t\t\t<\/div>\n\t\t\t\t<\/div>\n\t\t\t\t<\/div>\n\t\t","protected":false},"excerpt":{"rendered":"<p>Olkuskie nekropolie Olkuskie cmentarze, to historia miasta zapisana w grobach. Jednym z bardziej znanych jest gr\u00f3b pu\u0142kownika Francesco Nullo, w\u0142oskiego ochotnika, kt\u00f3ry poleg\u0142 w powstaniu styczniowym. Olkuski Stary Cmentarz powsta\u0142 na pocz\u0105tku XIX wieku. Na cmentarzu znajduje si\u0119 gr\u00f3b pu\u0142kownika Francesco Nullo, kt\u00f3ry poleg\u0142 5 maja 1863 roku w bitwie pod Krzykawk\u0105. Na starym cmentarzu [&hellip;]<\/p>\n","protected":false},"author":3,"featured_media":0,"parent":0,"menu_order":0,"comment_status":"closed","ping_status":"closed","template":"","meta":{"ngg_post_thumbnail":0,"footnotes":""},"class_list":["post-4778","page","type-page","status-publish","hentry"],"yoast_head":"<!-- This site is optimized with the Yoast SEO plugin v27.2 - https:\/\/yoast.com\/product\/yoast-seo-wordpress\/ -->\n<title>Olkuskie nekropolie - Urz\u0105d Miasta i Gminy w Olkuszu<\/title>\n<meta name=\"robots\" content=\"index, follow, max-snippet:-1, max-image-preview:large, max-video-preview:-1\" \/>\n<link rel=\"canonical\" href=\"https:\/\/umig.olkusz.pl\/index.php\/olkuskie-nekropolie\/\" \/>\n<meta property=\"og:locale\" content=\"pl_PL\" \/>\n<meta property=\"og:type\" content=\"article\" \/>\n<meta property=\"og:title\" content=\"Olkuskie nekropolie - Urz\u0105d Miasta i Gminy w Olkuszu\" \/>\n<meta property=\"og:description\" content=\"Olkuskie nekropolie Olkuskie cmentarze, to historia miasta zapisana w grobach. Jednym z bardziej znanych jest gr\u00f3b pu\u0142kownika Francesco Nullo, w\u0142oskiego ochotnika, kt\u00f3ry poleg\u0142 w powstaniu styczniowym. Olkuski Stary Cmentarz powsta\u0142 na pocz\u0105tku XIX wieku. Na cmentarzu znajduje si\u0119 gr\u00f3b pu\u0142kownika Francesco Nullo, kt\u00f3ry poleg\u0142 5 maja 1863 roku w bitwie pod Krzykawk\u0105. Na starym cmentarzu [&hellip;]\" \/>\n<meta property=\"og:url\" content=\"https:\/\/umig.olkusz.pl\/index.php\/olkuskie-nekropolie\/\" \/>\n<meta property=\"og:site_name\" content=\"Urz\u0105d Miasta i Gminy w Olkuszu\" \/>\n<meta property=\"article:publisher\" content=\"https:\/\/www.facebook.com\/olkuszsrebrnemiasto\" \/>\n<meta property=\"article:modified_time\" content=\"2023-11-07T13:07:13+00:00\" \/>\n<meta property=\"og:image\" content=\"https:\/\/nowa.umig.olkusz.pl\/wp-content\/uploads\/2023\/11\/stary_cmentarz_olkusz_1.jpeg\" \/>\n<meta name=\"twitter:card\" content=\"summary_large_image\" \/>\n<meta name=\"twitter:label1\" content=\"Szacowany czas czytania\" \/>\n\t<meta name=\"twitter:data1\" content=\"2 minuty\" \/>\n<script type=\"application\/ld+json\" class=\"yoast-schema-graph\">{\"@context\":\"https:\/\/schema.org\",\"@graph\":[{\"@type\":\"WebPage\",\"@id\":\"https:\/\/umig.olkusz.pl\/index.php\/olkuskie-nekropolie\/\",\"url\":\"https:\/\/umig.olkusz.pl\/index.php\/olkuskie-nekropolie\/\",\"name\":\"Olkuskie nekropolie - Urz\u0105d Miasta i Gminy w Olkuszu\",\"isPartOf\":{\"@id\":\"https:\/\/umig.olkusz.pl\/#website\"},\"primaryImageOfPage\":{\"@id\":\"https:\/\/umig.olkusz.pl\/index.php\/olkuskie-nekropolie\/#primaryimage\"},\"image\":{\"@id\":\"https:\/\/umig.olkusz.pl\/index.php\/olkuskie-nekropolie\/#primaryimage\"},\"thumbnailUrl\":\"https:\/\/nowa.umig.olkusz.pl\/wp-content\/uploads\/2023\/11\/stary_cmentarz_olkusz_1.jpeg\",\"datePublished\":\"2023-11-07T13:05:35+00:00\",\"dateModified\":\"2023-11-07T13:07:13+00:00\",\"breadcrumb\":{\"@id\":\"https:\/\/umig.olkusz.pl\/index.php\/olkuskie-nekropolie\/#breadcrumb\"},\"inLanguage\":\"pl-PL\",\"potentialAction\":[{\"@type\":\"ReadAction\",\"target\":[\"https:\/\/umig.olkusz.pl\/index.php\/olkuskie-nekropolie\/\"]}]},{\"@type\":\"ImageObject\",\"inLanguage\":\"pl-PL\",\"@id\":\"https:\/\/umig.olkusz.pl\/index.php\/olkuskie-nekropolie\/#primaryimage\",\"url\":\"https:\/\/nowa.umig.olkusz.pl\/wp-content\/uploads\/2023\/11\/stary_cmentarz_olkusz_1.jpeg\",\"contentUrl\":\"https:\/\/nowa.umig.olkusz.pl\/wp-content\/uploads\/2023\/11\/stary_cmentarz_olkusz_1.jpeg\"},{\"@type\":\"BreadcrumbList\",\"@id\":\"https:\/\/umig.olkusz.pl\/index.php\/olkuskie-nekropolie\/#breadcrumb\",\"itemListElement\":[{\"@type\":\"ListItem\",\"position\":1,\"name\":\"Strona g\u0142\u00f3wna\",\"item\":\"https:\/\/umig.olkusz.pl\/\"},{\"@type\":\"ListItem\",\"position\":2,\"name\":\"Olkuskie nekropolie\"}]},{\"@type\":\"WebSite\",\"@id\":\"https:\/\/umig.olkusz.pl\/#website\",\"url\":\"https:\/\/umig.olkusz.pl\/\",\"name\":\"Urz\u0105d Miasta i Gminy w Olkuszu\",\"description\":\"Urz\u0105d Miasta i Gminy w Olkuszu\",\"publisher\":{\"@id\":\"https:\/\/umig.olkusz.pl\/#organization\"},\"potentialAction\":[{\"@type\":\"SearchAction\",\"target\":{\"@type\":\"EntryPoint\",\"urlTemplate\":\"https:\/\/umig.olkusz.pl\/?s={search_term_string}\"},\"query-input\":{\"@type\":\"PropertyValueSpecification\",\"valueRequired\":true,\"valueName\":\"search_term_string\"}}],\"inLanguage\":\"pl-PL\"},{\"@type\":\"Organization\",\"@id\":\"https:\/\/umig.olkusz.pl\/#organization\",\"name\":\"Urz\u0105d Miasta i Gminy w Olkuszu\",\"url\":\"https:\/\/umig.olkusz.pl\/\",\"logo\":{\"@type\":\"ImageObject\",\"inLanguage\":\"pl-PL\",\"@id\":\"https:\/\/umig.olkusz.pl\/#\/schema\/logo\/image\/\",\"url\":\"https:\/\/umig.olkusz.pl\/wp-content\/uploads\/2023\/03\/herb_strona.jpg\",\"contentUrl\":\"https:\/\/umig.olkusz.pl\/wp-content\/uploads\/2023\/03\/herb_strona.jpg\",\"width\":614,\"height\":658,\"caption\":\"Urz\u0105d Miasta i Gminy w Olkuszu\"},\"image\":{\"@id\":\"https:\/\/umig.olkusz.pl\/#\/schema\/logo\/image\/\"},\"sameAs\":[\"https:\/\/www.facebook.com\/olkuszsrebrnemiasto\"]}]}<\/script>\n<!-- \/ Yoast SEO plugin. -->","yoast_head_json":{"title":"Olkuskie nekropolie - Urz\u0105d Miasta i Gminy w Olkuszu","robots":{"index":"index","follow":"follow","max-snippet":"max-snippet:-1","max-image-preview":"max-image-preview:large","max-video-preview":"max-video-preview:-1"},"canonical":"https:\/\/umig.olkusz.pl\/index.php\/olkuskie-nekropolie\/","og_locale":"pl_PL","og_type":"article","og_title":"Olkuskie nekropolie - Urz\u0105d Miasta i Gminy w Olkuszu","og_description":"Olkuskie nekropolie Olkuskie cmentarze, to historia miasta zapisana w grobach. Jednym z bardziej znanych jest gr\u00f3b pu\u0142kownika Francesco Nullo, w\u0142oskiego ochotnika, kt\u00f3ry poleg\u0142 w powstaniu styczniowym. Olkuski Stary Cmentarz powsta\u0142 na pocz\u0105tku XIX wieku. Na cmentarzu znajduje si\u0119 gr\u00f3b pu\u0142kownika Francesco Nullo, kt\u00f3ry poleg\u0142 5 maja 1863 roku w bitwie pod Krzykawk\u0105. Na starym cmentarzu [&hellip;]","og_url":"https:\/\/umig.olkusz.pl\/index.php\/olkuskie-nekropolie\/","og_site_name":"Urz\u0105d Miasta i Gminy w Olkuszu","article_publisher":"https:\/\/www.facebook.com\/olkuszsrebrnemiasto","article_modified_time":"2023-11-07T13:07:13+00:00","og_image":[{"url":"https:\/\/nowa.umig.olkusz.pl\/wp-content\/uploads\/2023\/11\/stary_cmentarz_olkusz_1.jpeg","type":"","width":"","height":""}],"twitter_card":"summary_large_image","twitter_misc":{"Szacowany czas czytania":"2 minuty"},"schema":{"@context":"https:\/\/schema.org","@graph":[{"@type":"WebPage","@id":"https:\/\/umig.olkusz.pl\/index.php\/olkuskie-nekropolie\/","url":"https:\/\/umig.olkusz.pl\/index.php\/olkuskie-nekropolie\/","name":"Olkuskie nekropolie - Urz\u0105d Miasta i Gminy w Olkuszu","isPartOf":{"@id":"https:\/\/umig.olkusz.pl\/#website"},"primaryImageOfPage":{"@id":"https:\/\/umig.olkusz.pl\/index.php\/olkuskie-nekropolie\/#primaryimage"},"image":{"@id":"https:\/\/umig.olkusz.pl\/index.php\/olkuskie-nekropolie\/#primaryimage"},"thumbnailUrl":"https:\/\/nowa.umig.olkusz.pl\/wp-content\/uploads\/2023\/11\/stary_cmentarz_olkusz_1.jpeg","datePublished":"2023-11-07T13:05:35+00:00","dateModified":"2023-11-07T13:07:13+00:00","breadcrumb":{"@id":"https:\/\/umig.olkusz.pl\/index.php\/olkuskie-nekropolie\/#breadcrumb"},"inLanguage":"pl-PL","potentialAction":[{"@type":"ReadAction","target":["https:\/\/umig.olkusz.pl\/index.php\/olkuskie-nekropolie\/"]}]},{"@type":"ImageObject","inLanguage":"pl-PL","@id":"https:\/\/umig.olkusz.pl\/index.php\/olkuskie-nekropolie\/#primaryimage","url":"https:\/\/nowa.umig.olkusz.pl\/wp-content\/uploads\/2023\/11\/stary_cmentarz_olkusz_1.jpeg","contentUrl":"https:\/\/nowa.umig.olkusz.pl\/wp-content\/uploads\/2023\/11\/stary_cmentarz_olkusz_1.jpeg"},{"@type":"BreadcrumbList","@id":"https:\/\/umig.olkusz.pl\/index.php\/olkuskie-nekropolie\/#breadcrumb","itemListElement":[{"@type":"ListItem","position":1,"name":"Strona g\u0142\u00f3wna","item":"https:\/\/umig.olkusz.pl\/"},{"@type":"ListItem","position":2,"name":"Olkuskie nekropolie"}]},{"@type":"WebSite","@id":"https:\/\/umig.olkusz.pl\/#website","url":"https:\/\/umig.olkusz.pl\/","name":"Urz\u0105d Miasta i Gminy w Olkuszu","description":"Urz\u0105d Miasta i Gminy w Olkuszu","publisher":{"@id":"https:\/\/umig.olkusz.pl\/#organization"},"potentialAction":[{"@type":"SearchAction","target":{"@type":"EntryPoint","urlTemplate":"https:\/\/umig.olkusz.pl\/?s={search_term_string}"},"query-input":{"@type":"PropertyValueSpecification","valueRequired":true,"valueName":"search_term_string"}}],"inLanguage":"pl-PL"},{"@type":"Organization","@id":"https:\/\/umig.olkusz.pl\/#organization","name":"Urz\u0105d Miasta i Gminy w Olkuszu","url":"https:\/\/umig.olkusz.pl\/","logo":{"@type":"ImageObject","inLanguage":"pl-PL","@id":"https:\/\/umig.olkusz.pl\/#\/schema\/logo\/image\/","url":"https:\/\/umig.olkusz.pl\/wp-content\/uploads\/2023\/03\/herb_strona.jpg","contentUrl":"https:\/\/umig.olkusz.pl\/wp-content\/uploads\/2023\/03\/herb_strona.jpg","width":614,"height":658,"caption":"Urz\u0105d Miasta i Gminy w Olkuszu"},"image":{"@id":"https:\/\/umig.olkusz.pl\/#\/schema\/logo\/image\/"},"sameAs":["https:\/\/www.facebook.com\/olkuszsrebrnemiasto"]}]}},"_links":{"self":[{"href":"https:\/\/umig.olkusz.pl\/index.php\/wp-json\/wp\/v2\/pages\/4778","targetHints":{"allow":["GET"]}}],"collection":[{"href":"https:\/\/umig.olkusz.pl\/index.php\/wp-json\/wp\/v2\/pages"}],"about":[{"href":"https:\/\/umig.olkusz.pl\/index.php\/wp-json\/wp\/v2\/types\/page"}],"author":[{"embeddable":true,"href":"https:\/\/umig.olkusz.pl\/index.php\/wp-json\/wp\/v2\/users\/3"}],"replies":[{"embeddable":true,"href":"https:\/\/umig.olkusz.pl\/index.php\/wp-json\/wp\/v2\/comments?post=4778"}],"version-history":[{"count":4,"href":"https:\/\/umig.olkusz.pl\/index.php\/wp-json\/wp\/v2\/pages\/4778\/revisions"}],"predecessor-version":[{"id":4784,"href":"https:\/\/umig.olkusz.pl\/index.php\/wp-json\/wp\/v2\/pages\/4778\/revisions\/4784"}],"wp:attachment":[{"href":"https:\/\/umig.olkusz.pl\/index.php\/wp-json\/wp\/v2\/media?parent=4778"}],"curies":[{"name":"wp","href":"https:\/\/api.w.org\/{rel}","templated":true}]}}