{"id":4772,"date":"2023-11-07T14:03:47","date_gmt":"2023-11-07T13:03:47","guid":{"rendered":"https:\/\/nowa.umig.olkusz.pl\/?page_id=4772"},"modified":"2023-11-07T14:04:32","modified_gmt":"2023-11-07T13:04:32","slug":"kopiec-kosciuszki","status":"publish","type":"page","link":"https:\/\/umig.olkusz.pl\/index.php\/kopiec-kosciuszki\/","title":{"rendered":"Kopiec Ko\u015bciuszki"},"content":{"rendered":"\t\t<div data-elementor-type=\"wp-page\" data-elementor-id=\"4772\" class=\"elementor elementor-4772\" data-elementor-post-type=\"page\">\n\t\t\t\t<div class=\"elementor-element elementor-element-b99531c e-flex e-con-boxed e-con e-parent\" data-id=\"b99531c\" data-element_type=\"container\" data-e-type=\"container\">\n\t\t\t\t\t<div class=\"e-con-inner\">\n\t\t\t\t<div class=\"elementor-element elementor-element-751dee66 elementor-widget elementor-widget-heading\" data-id=\"751dee66\" data-element_type=\"widget\" data-e-type=\"widget\" data-widget_type=\"heading.default\">\n\t\t\t\t<div class=\"elementor-widget-container\">\n\t\t\t\t\t<h2 class=\"elementor-heading-title elementor-size-default\">Kopiec Ko\u015bciuszki w Olkuszu<\/h2>\t\t\t\t<\/div>\n\t\t\t\t<\/div>\n\t\t\t\t\t<\/div>\n\t\t\t\t<\/div>\n\t\t<div class=\"elementor-element elementor-element-704b900d e-flex e-con-boxed e-con e-parent\" data-id=\"704b900d\" data-element_type=\"container\" data-e-type=\"container\">\n\t\t\t\t\t<div class=\"e-con-inner\">\n\t\t<div class=\"elementor-element elementor-element-3a61f5b0 e-flex e-con-boxed e-con e-child\" data-id=\"3a61f5b0\" data-element_type=\"container\" data-e-type=\"container\">\n\t\t\t\t\t<div class=\"e-con-inner\">\n\t\t<div class=\"elementor-element elementor-element-cfc3fa4 e-con-full e-flex e-con e-child\" data-id=\"cfc3fa4\" data-element_type=\"container\" data-e-type=\"container\">\n\t\t\t\t<div class=\"elementor-element elementor-element-3640aa1 elementor-widget elementor-widget-text-editor\" data-id=\"3640aa1\" data-element_type=\"widget\" data-e-type=\"widget\" data-widget_type=\"text-editor.default\">\n\t\t\t\t<div class=\"elementor-widget-container\">\n\t\t\t\t\t\t\t\t\t<p>Niewiele os\u00f3b wie, \u017ce nie tylko Krak\u00f3w mo\u017ce poszczyci\u0107 si\u0119 Kopcem Ko\u015bciuszki. Taki kopiec, od przesz\u0142o 150 lat wznosi si\u0119 tak\u017ce w Olkuszu. Ponad 7 metrowej wysoko\u015bci ziemny monument zwie\u0144czony okaza\u0142ym d\u0119bowym krzy\u017cem znajduje si\u0119 przy ul. S\u0142awkowskiej. Kopiec zosta\u0142 usypany przez mieszka\u0144c\u00f3w Olkusza w 1861 roku dla uczczenia 44. rocznicy \u015bmierci Tadeusza Ko\u015bciuszki.<\/p><p>Nie by\u0142a to okr\u0105g\u0142a rocznica, lecz wykorzystano okazj\u0119, \u017ce wtedy, w dobie odwil\u017cy politycznej i narastaj\u0105cej atmosfery patriotycznej mo\u017cliwe by\u0142o uczczenie narodowego bohatera. Pierwsz\u0105 taczk\u0119 ziemi na miejsce sypania kopca przywi\u00f3z\u0142 olkuski proboszcz ks. J\u00f3zef \u0106wikli\u0144ski. W dniu po\u015bwi\u0119cenia kopca, czyli 15 pa\u017adziernika 1861 r., w obecno\u015bci licznie zgromadzonych Olkuszan, dwaj g\u00f3rnicy na wysokim d\u0119bowym krzy\u017cu zawiesili wieniec cierniowy. Olkuski kopiec by\u0142 miniatur\u0105 krakowskiego kopca Ko\u015bciuszki. Mia\u0142 5 metr\u00f3w wysoko\u015bci i 14 m \u015brednicy. Niestety kopiec d\u0142ugo nie przetrwa\u0142. Podczas Powstania Styczniowego w 1863 roku na rozkaz rosyjskiego dow\u00f3dcy, ksi\u0119cia genera\u0142a-majora Aleksandra Szachowskiego krzy\u017c zosta\u0142 \u015bci\u0119ty, a kopiec zr\u00f3wnany z ziemi\u0105.<\/p><p>W rozkopanym kopcu Rosjanie znale\u017ali dokument z nazwiskami projektodawc\u00f3w i wykonawc\u00f3w. Wszyscy oni zostali aresztowani i zes\u0142ani na Sybir. Kopiec zosta\u0142 odbudowany w 1917 roku w setn\u0105 rocznic\u0119 \u015bmierci Tadeusza Ko\u015bciuszki, z inicjatywy dyrektora Szko\u0142y Rzemie\u015blniczej w Olkuszu, in\u017c. Stanis\u0142awa Baca. Kopiec mia\u0142 wysoko\u015b\u0107 5 metr\u00f3w, by\u0142 ob\u0142o\u017cony darni\u0105, a wierzcho\u0142ek ponownie zwie\u0144czono d\u0119bowym krzy\u017cem z cierniow\u0105 koron\u0105. Ten patriotyczny monument sta\u0142 si\u0119 miejscem uroczystych spotka\u0144 i manifestacji Olkuszan z okazji \u015bwi\u0105t pa\u0144stwowych i rocznic historycznych. Kopiec przetrwa\u0142 okres okupacji niemieckiej, jednak po wojnie zosta\u0142 zapomniany. W 1972 roku wymieniono jedynie zmursza\u0142y krzy\u017c.<\/p><p>Gruntownego remontu i wmurowania pami\u0105tkowej tablicy z wizerunkiem Tadeusza Ko\u015bciuszki doczeka\u0142 si\u0119 w latach 1993-94, w zwi\u0105zku z obchodami 200. rocznicy insurekcji ko\u015bciuszkowskiej. Dzisiejszy kopiec ma wysoko\u015b\u0107 7 metr\u00f3w, a wie\u0144cz\u0105cy go krzy\u017c 6 metr\u00f3w. U podstawy kopca znajduje si\u0119 osadzona w kamieniu pami\u0105tkowa p\u0142yta z opisem jego ciekawej i burzliwej historii.<\/p>\t\t\t\t\t\t\t\t<\/div>\n\t\t\t\t<\/div>\n\t\t\t\t<\/div>\n\t\t<div class=\"elementor-element elementor-element-6f7ea43b e-con-full e-flex e-con e-child\" data-id=\"6f7ea43b\" data-element_type=\"container\" data-e-type=\"container\">\n\t\t\t\t<div class=\"elementor-element elementor-element-3b736c62 elementor-widget elementor-widget-image\" data-id=\"3b736c62\" data-element_type=\"widget\" data-e-type=\"widget\" data-widget_type=\"image.default\">\n\t\t\t\t<div class=\"elementor-widget-container\">\n\t\t\t\t\t\t\t\t\t\t\t\t\t\t\t<img fetchpriority=\"high\" decoding=\"async\" width=\"800\" height=\"598\" src=\"https:\/\/umig.olkusz.pl\/wp-content\/uploads\/2023\/11\/kopiec_kosciuszki-1024x766.jpg\" class=\"attachment-large size-large wp-image-4774\" alt=\"\" srcset=\"https:\/\/umig.olkusz.pl\/wp-content\/uploads\/2023\/11\/kopiec_kosciuszki-1024x766.jpg 1024w, https:\/\/umig.olkusz.pl\/wp-content\/uploads\/2023\/11\/kopiec_kosciuszki-300x224.jpg 300w, https:\/\/umig.olkusz.pl\/wp-content\/uploads\/2023\/11\/kopiec_kosciuszki-768x574.jpg 768w, https:\/\/umig.olkusz.pl\/wp-content\/uploads\/2023\/11\/kopiec_kosciuszki.jpg 1500w\" sizes=\"(max-width: 800px) 100vw, 800px\" \/>\t\t\t\t\t\t\t\t\t\t\t\t\t\t\t<\/div>\n\t\t\t\t<\/div>\n\t\t\t\t<\/div>\n\t\t\t\t\t<\/div>\n\t\t\t\t<\/div>\n\t\t\t\t\t<\/div>\n\t\t\t\t<\/div>\n\t\t\t\t<\/div>\n\t\t","protected":false},"excerpt":{"rendered":"<p>Kopiec Ko\u015bciuszki w Olkuszu Niewiele os\u00f3b wie, \u017ce nie tylko Krak\u00f3w mo\u017ce poszczyci\u0107 si\u0119 Kopcem Ko\u015bciuszki. Taki kopiec, od przesz\u0142o 150 lat wznosi si\u0119 tak\u017ce w Olkuszu. Ponad 7 metrowej wysoko\u015bci ziemny monument zwie\u0144czony okaza\u0142ym d\u0119bowym krzy\u017cem znajduje si\u0119 przy ul. S\u0142awkowskiej. Kopiec zosta\u0142 usypany przez mieszka\u0144c\u00f3w Olkusza w 1861 roku dla uczczenia 44. rocznicy [&hellip;]<\/p>\n","protected":false},"author":3,"featured_media":0,"parent":0,"menu_order":0,"comment_status":"closed","ping_status":"closed","template":"","meta":{"ngg_post_thumbnail":0,"footnotes":""},"class_list":["post-4772","page","type-page","status-publish","hentry"],"yoast_head":"<!-- This site is optimized with the Yoast SEO plugin v27.2 - https:\/\/yoast.com\/product\/yoast-seo-wordpress\/ -->\n<title>Kopiec Ko\u015bciuszki - Urz\u0105d Miasta i Gminy w Olkuszu<\/title>\n<meta name=\"robots\" content=\"index, follow, max-snippet:-1, max-image-preview:large, max-video-preview:-1\" \/>\n<link rel=\"canonical\" href=\"https:\/\/umig.olkusz.pl\/index.php\/kopiec-kosciuszki\/\" \/>\n<meta property=\"og:locale\" content=\"pl_PL\" \/>\n<meta property=\"og:type\" content=\"article\" \/>\n<meta property=\"og:title\" content=\"Kopiec Ko\u015bciuszki - Urz\u0105d Miasta i Gminy w Olkuszu\" \/>\n<meta property=\"og:description\" content=\"Kopiec Ko\u015bciuszki w Olkuszu Niewiele os\u00f3b wie, \u017ce nie tylko Krak\u00f3w mo\u017ce poszczyci\u0107 si\u0119 Kopcem Ko\u015bciuszki. Taki kopiec, od przesz\u0142o 150 lat wznosi si\u0119 tak\u017ce w Olkuszu. Ponad 7 metrowej wysoko\u015bci ziemny monument zwie\u0144czony okaza\u0142ym d\u0119bowym krzy\u017cem znajduje si\u0119 przy ul. S\u0142awkowskiej. Kopiec zosta\u0142 usypany przez mieszka\u0144c\u00f3w Olkusza w 1861 roku dla uczczenia 44. rocznicy [&hellip;]\" \/>\n<meta property=\"og:url\" content=\"https:\/\/umig.olkusz.pl\/index.php\/kopiec-kosciuszki\/\" \/>\n<meta property=\"og:site_name\" content=\"Urz\u0105d Miasta i Gminy w Olkuszu\" \/>\n<meta property=\"article:publisher\" content=\"https:\/\/www.facebook.com\/olkuszsrebrnemiasto\" \/>\n<meta property=\"article:modified_time\" content=\"2023-11-07T13:04:32+00:00\" \/>\n<meta property=\"og:image\" content=\"https:\/\/nowa.umig.olkusz.pl\/wp-content\/uploads\/2023\/11\/kopiec_kosciuszki-1024x766.jpg\" \/>\n<meta name=\"twitter:card\" content=\"summary_large_image\" \/>\n<meta name=\"twitter:label1\" content=\"Szacowany czas czytania\" \/>\n\t<meta name=\"twitter:data1\" content=\"2 minuty\" \/>\n<script type=\"application\/ld+json\" class=\"yoast-schema-graph\">{\"@context\":\"https:\/\/schema.org\",\"@graph\":[{\"@type\":\"WebPage\",\"@id\":\"https:\/\/umig.olkusz.pl\/index.php\/kopiec-kosciuszki\/\",\"url\":\"https:\/\/umig.olkusz.pl\/index.php\/kopiec-kosciuszki\/\",\"name\":\"Kopiec Ko\u015bciuszki - Urz\u0105d Miasta i Gminy w Olkuszu\",\"isPartOf\":{\"@id\":\"https:\/\/umig.olkusz.pl\/#website\"},\"primaryImageOfPage\":{\"@id\":\"https:\/\/umig.olkusz.pl\/index.php\/kopiec-kosciuszki\/#primaryimage\"},\"image\":{\"@id\":\"https:\/\/umig.olkusz.pl\/index.php\/kopiec-kosciuszki\/#primaryimage\"},\"thumbnailUrl\":\"https:\/\/nowa.umig.olkusz.pl\/wp-content\/uploads\/2023\/11\/kopiec_kosciuszki-1024x766.jpg\",\"datePublished\":\"2023-11-07T13:03:47+00:00\",\"dateModified\":\"2023-11-07T13:04:32+00:00\",\"breadcrumb\":{\"@id\":\"https:\/\/umig.olkusz.pl\/index.php\/kopiec-kosciuszki\/#breadcrumb\"},\"inLanguage\":\"pl-PL\",\"potentialAction\":[{\"@type\":\"ReadAction\",\"target\":[\"https:\/\/umig.olkusz.pl\/index.php\/kopiec-kosciuszki\/\"]}]},{\"@type\":\"ImageObject\",\"inLanguage\":\"pl-PL\",\"@id\":\"https:\/\/umig.olkusz.pl\/index.php\/kopiec-kosciuszki\/#primaryimage\",\"url\":\"https:\/\/nowa.umig.olkusz.pl\/wp-content\/uploads\/2023\/11\/kopiec_kosciuszki-1024x766.jpg\",\"contentUrl\":\"https:\/\/nowa.umig.olkusz.pl\/wp-content\/uploads\/2023\/11\/kopiec_kosciuszki-1024x766.jpg\"},{\"@type\":\"BreadcrumbList\",\"@id\":\"https:\/\/umig.olkusz.pl\/index.php\/kopiec-kosciuszki\/#breadcrumb\",\"itemListElement\":[{\"@type\":\"ListItem\",\"position\":1,\"name\":\"Strona g\u0142\u00f3wna\",\"item\":\"https:\/\/umig.olkusz.pl\/\"},{\"@type\":\"ListItem\",\"position\":2,\"name\":\"Kopiec Ko\u015bciuszki\"}]},{\"@type\":\"WebSite\",\"@id\":\"https:\/\/umig.olkusz.pl\/#website\",\"url\":\"https:\/\/umig.olkusz.pl\/\",\"name\":\"Urz\u0105d Miasta i Gminy w Olkuszu\",\"description\":\"Urz\u0105d Miasta i Gminy w Olkuszu\",\"publisher\":{\"@id\":\"https:\/\/umig.olkusz.pl\/#organization\"},\"potentialAction\":[{\"@type\":\"SearchAction\",\"target\":{\"@type\":\"EntryPoint\",\"urlTemplate\":\"https:\/\/umig.olkusz.pl\/?s={search_term_string}\"},\"query-input\":{\"@type\":\"PropertyValueSpecification\",\"valueRequired\":true,\"valueName\":\"search_term_string\"}}],\"inLanguage\":\"pl-PL\"},{\"@type\":\"Organization\",\"@id\":\"https:\/\/umig.olkusz.pl\/#organization\",\"name\":\"Urz\u0105d Miasta i Gminy w Olkuszu\",\"url\":\"https:\/\/umig.olkusz.pl\/\",\"logo\":{\"@type\":\"ImageObject\",\"inLanguage\":\"pl-PL\",\"@id\":\"https:\/\/umig.olkusz.pl\/#\/schema\/logo\/image\/\",\"url\":\"https:\/\/umig.olkusz.pl\/wp-content\/uploads\/2023\/03\/herb_strona.jpg\",\"contentUrl\":\"https:\/\/umig.olkusz.pl\/wp-content\/uploads\/2023\/03\/herb_strona.jpg\",\"width\":614,\"height\":658,\"caption\":\"Urz\u0105d Miasta i Gminy w Olkuszu\"},\"image\":{\"@id\":\"https:\/\/umig.olkusz.pl\/#\/schema\/logo\/image\/\"},\"sameAs\":[\"https:\/\/www.facebook.com\/olkuszsrebrnemiasto\"]}]}<\/script>\n<!-- \/ Yoast SEO plugin. -->","yoast_head_json":{"title":"Kopiec Ko\u015bciuszki - Urz\u0105d Miasta i Gminy w Olkuszu","robots":{"index":"index","follow":"follow","max-snippet":"max-snippet:-1","max-image-preview":"max-image-preview:large","max-video-preview":"max-video-preview:-1"},"canonical":"https:\/\/umig.olkusz.pl\/index.php\/kopiec-kosciuszki\/","og_locale":"pl_PL","og_type":"article","og_title":"Kopiec Ko\u015bciuszki - Urz\u0105d Miasta i Gminy w Olkuszu","og_description":"Kopiec Ko\u015bciuszki w Olkuszu Niewiele os\u00f3b wie, \u017ce nie tylko Krak\u00f3w mo\u017ce poszczyci\u0107 si\u0119 Kopcem Ko\u015bciuszki. Taki kopiec, od przesz\u0142o 150 lat wznosi si\u0119 tak\u017ce w Olkuszu. Ponad 7 metrowej wysoko\u015bci ziemny monument zwie\u0144czony okaza\u0142ym d\u0119bowym krzy\u017cem znajduje si\u0119 przy ul. S\u0142awkowskiej. Kopiec zosta\u0142 usypany przez mieszka\u0144c\u00f3w Olkusza w 1861 roku dla uczczenia 44. rocznicy [&hellip;]","og_url":"https:\/\/umig.olkusz.pl\/index.php\/kopiec-kosciuszki\/","og_site_name":"Urz\u0105d Miasta i Gminy w Olkuszu","article_publisher":"https:\/\/www.facebook.com\/olkuszsrebrnemiasto","article_modified_time":"2023-11-07T13:04:32+00:00","og_image":[{"url":"https:\/\/nowa.umig.olkusz.pl\/wp-content\/uploads\/2023\/11\/kopiec_kosciuszki-1024x766.jpg","type":"","width":"","height":""}],"twitter_card":"summary_large_image","twitter_misc":{"Szacowany czas czytania":"2 minuty"},"schema":{"@context":"https:\/\/schema.org","@graph":[{"@type":"WebPage","@id":"https:\/\/umig.olkusz.pl\/index.php\/kopiec-kosciuszki\/","url":"https:\/\/umig.olkusz.pl\/index.php\/kopiec-kosciuszki\/","name":"Kopiec Ko\u015bciuszki - Urz\u0105d Miasta i Gminy w Olkuszu","isPartOf":{"@id":"https:\/\/umig.olkusz.pl\/#website"},"primaryImageOfPage":{"@id":"https:\/\/umig.olkusz.pl\/index.php\/kopiec-kosciuszki\/#primaryimage"},"image":{"@id":"https:\/\/umig.olkusz.pl\/index.php\/kopiec-kosciuszki\/#primaryimage"},"thumbnailUrl":"https:\/\/nowa.umig.olkusz.pl\/wp-content\/uploads\/2023\/11\/kopiec_kosciuszki-1024x766.jpg","datePublished":"2023-11-07T13:03:47+00:00","dateModified":"2023-11-07T13:04:32+00:00","breadcrumb":{"@id":"https:\/\/umig.olkusz.pl\/index.php\/kopiec-kosciuszki\/#breadcrumb"},"inLanguage":"pl-PL","potentialAction":[{"@type":"ReadAction","target":["https:\/\/umig.olkusz.pl\/index.php\/kopiec-kosciuszki\/"]}]},{"@type":"ImageObject","inLanguage":"pl-PL","@id":"https:\/\/umig.olkusz.pl\/index.php\/kopiec-kosciuszki\/#primaryimage","url":"https:\/\/nowa.umig.olkusz.pl\/wp-content\/uploads\/2023\/11\/kopiec_kosciuszki-1024x766.jpg","contentUrl":"https:\/\/nowa.umig.olkusz.pl\/wp-content\/uploads\/2023\/11\/kopiec_kosciuszki-1024x766.jpg"},{"@type":"BreadcrumbList","@id":"https:\/\/umig.olkusz.pl\/index.php\/kopiec-kosciuszki\/#breadcrumb","itemListElement":[{"@type":"ListItem","position":1,"name":"Strona g\u0142\u00f3wna","item":"https:\/\/umig.olkusz.pl\/"},{"@type":"ListItem","position":2,"name":"Kopiec Ko\u015bciuszki"}]},{"@type":"WebSite","@id":"https:\/\/umig.olkusz.pl\/#website","url":"https:\/\/umig.olkusz.pl\/","name":"Urz\u0105d Miasta i Gminy w Olkuszu","description":"Urz\u0105d Miasta i Gminy w Olkuszu","publisher":{"@id":"https:\/\/umig.olkusz.pl\/#organization"},"potentialAction":[{"@type":"SearchAction","target":{"@type":"EntryPoint","urlTemplate":"https:\/\/umig.olkusz.pl\/?s={search_term_string}"},"query-input":{"@type":"PropertyValueSpecification","valueRequired":true,"valueName":"search_term_string"}}],"inLanguage":"pl-PL"},{"@type":"Organization","@id":"https:\/\/umig.olkusz.pl\/#organization","name":"Urz\u0105d Miasta i Gminy w Olkuszu","url":"https:\/\/umig.olkusz.pl\/","logo":{"@type":"ImageObject","inLanguage":"pl-PL","@id":"https:\/\/umig.olkusz.pl\/#\/schema\/logo\/image\/","url":"https:\/\/umig.olkusz.pl\/wp-content\/uploads\/2023\/03\/herb_strona.jpg","contentUrl":"https:\/\/umig.olkusz.pl\/wp-content\/uploads\/2023\/03\/herb_strona.jpg","width":614,"height":658,"caption":"Urz\u0105d Miasta i Gminy w Olkuszu"},"image":{"@id":"https:\/\/umig.olkusz.pl\/#\/schema\/logo\/image\/"},"sameAs":["https:\/\/www.facebook.com\/olkuszsrebrnemiasto"]}]}},"_links":{"self":[{"href":"https:\/\/umig.olkusz.pl\/index.php\/wp-json\/wp\/v2\/pages\/4772","targetHints":{"allow":["GET"]}}],"collection":[{"href":"https:\/\/umig.olkusz.pl\/index.php\/wp-json\/wp\/v2\/pages"}],"about":[{"href":"https:\/\/umig.olkusz.pl\/index.php\/wp-json\/wp\/v2\/types\/page"}],"author":[{"embeddable":true,"href":"https:\/\/umig.olkusz.pl\/index.php\/wp-json\/wp\/v2\/users\/3"}],"replies":[{"embeddable":true,"href":"https:\/\/umig.olkusz.pl\/index.php\/wp-json\/wp\/v2\/comments?post=4772"}],"version-history":[{"count":4,"href":"https:\/\/umig.olkusz.pl\/index.php\/wp-json\/wp\/v2\/pages\/4772\/revisions"}],"predecessor-version":[{"id":4777,"href":"https:\/\/umig.olkusz.pl\/index.php\/wp-json\/wp\/v2\/pages\/4772\/revisions\/4777"}],"wp:attachment":[{"href":"https:\/\/umig.olkusz.pl\/index.php\/wp-json\/wp\/v2\/media?parent=4772"}],"curies":[{"name":"wp","href":"https:\/\/api.w.org\/{rel}","templated":true}]}}