{"id":4764,"date":"2023-11-07T13:40:13","date_gmt":"2023-11-07T12:40:13","guid":{"rendered":"https:\/\/nowa.umig.olkusz.pl\/?page_id=4764"},"modified":"2023-11-07T13:42:32","modified_gmt":"2023-11-07T12:42:32","slug":"rezerwat-przyrody","status":"publish","type":"page","link":"https:\/\/umig.olkusz.pl\/index.php\/rezerwat-przyrody\/","title":{"rendered":"Rezerwat przyrody"},"content":{"rendered":"\t\t<div data-elementor-type=\"wp-page\" data-elementor-id=\"4764\" class=\"elementor elementor-4764\" data-elementor-post-type=\"page\">\n\t\t\t\t<div class=\"elementor-element elementor-element-4c55217c e-flex e-con-boxed e-con e-parent\" data-id=\"4c55217c\" data-element_type=\"container\" data-e-type=\"container\">\n\t\t\t\t\t<div class=\"e-con-inner\">\n\t\t\t\t<div class=\"elementor-element elementor-element-66d26b67 elementor-widget elementor-widget-heading\" data-id=\"66d26b67\" data-element_type=\"widget\" data-e-type=\"widget\" data-widget_type=\"heading.default\">\n\t\t\t\t<div class=\"elementor-widget-container\">\n\t\t\t\t\t<h2 class=\"elementor-heading-title elementor-size-default\">Rezerwat przyrody<\/h2>\t\t\t\t<\/div>\n\t\t\t\t<\/div>\n\t\t\t\t\t<\/div>\n\t\t\t\t<\/div>\n\t\t<div class=\"elementor-element elementor-element-7dcb70b9 e-flex e-con-boxed e-con e-parent\" data-id=\"7dcb70b9\" data-element_type=\"container\" data-e-type=\"container\">\n\t\t\t\t\t<div class=\"e-con-inner\">\n\t\t\t\t<div class=\"elementor-element elementor-element-5ea09935 elementor-widget elementor-widget-heading\" data-id=\"5ea09935\" data-element_type=\"widget\" data-e-type=\"widget\" data-widget_type=\"heading.default\">\n\t\t\t\t<div class=\"elementor-widget-container\">\n\t\t\t\t\t<h2 class=\"elementor-heading-title elementor-size-default\">Rezerwat przyrody \u201ePazurek\u201d<\/h2>\t\t\t\t<\/div>\n\t\t\t\t<\/div>\n\t\t\t\t<div class=\"elementor-element elementor-element-5a8e8983 elementor-widget-divider--view-line elementor-widget elementor-widget-divider\" data-id=\"5a8e8983\" data-element_type=\"widget\" data-e-type=\"widget\" data-widget_type=\"divider.default\">\n\t\t\t\t<div class=\"elementor-widget-container\">\n\t\t\t\t\t\t\t<div class=\"elementor-divider\">\n\t\t\t<span class=\"elementor-divider-separator\">\n\t\t\t\t\t\t<\/span>\n\t\t<\/div>\n\t\t\t\t\t\t<\/div>\n\t\t\t\t<\/div>\n\t\t<div class=\"elementor-element elementor-element-1393114d e-flex e-con-boxed e-con e-child\" data-id=\"1393114d\" data-element_type=\"container\" data-e-type=\"container\">\n\t\t\t\t\t<div class=\"e-con-inner\">\n\t\t<div class=\"elementor-element elementor-element-5585c5ee e-con-full e-flex e-con e-child\" data-id=\"5585c5ee\" data-element_type=\"container\" data-e-type=\"container\">\n\t\t\t\t<div class=\"elementor-element elementor-element-3dba0685 elementor-widget elementor-widget-text-editor\" data-id=\"3dba0685\" data-element_type=\"widget\" data-e-type=\"widget\" data-widget_type=\"text-editor.default\">\n\t\t\t\t<div class=\"elementor-widget-container\">\n\t\t\t\t\t\t\t\t\t<p>Rezerwat \u201ePazurek\u201d to fragment pradawnych las\u00f3w, jakie niegdy\u015b otacza\u0142y Olkusz od p\u00f3\u0142nocy. W bukowych i jaworowych lasach znajduj\u0105 si\u0119 stanowiska wielu chronionych i zagro\u017conych gatunk\u00f3w flory. Rezerwat Pazurek zosta\u0142 utworzony w 2008 roku i obejmuje obszar 187,91 ha pomi\u0119dzy drog\u0105 wojew\u00f3dzk\u0105 783 \u0142\u0105cz\u0105c\u0105 Olkusz i Wolbrom, a lini\u0105 kolejow\u0105. Najwy\u017cszym wzniesieniem na terenie rezerwatu s\u0105 Zubowe Ska\u0142y (440,6 m n.p.m.) tworz\u0105ce niezwyk\u0142e skalne miasto. Na terenie rezerwatu wyst\u0119puje 290 gatunk\u00f3w ro\u015blin naczyniowych, w tym kilkadziesi\u0105t chronionych z rzadkimi storczykami na czele, 86 gatunk\u00f3w mszak\u00f3w i 22 gatunk\u00f3w grzyb\u00f3w kapeluszowych oraz przesz\u0142o 100 gatunk\u00f3w zwierz\u0105t. W lasach bukowych rezerwatu wyst\u0119puje a\u017c 35 gatunk\u00f3w ptak\u00f3w. Przez teren rezerwatu prowadzi, tworz\u0105ca przesz\u0142o 5 km p\u0119tl\u0119 \u015bcie\u017cka dydaktyczna, oznaczona kolorem czerwonym oraz dwa niebieskie szlaki \u0142\u0105cznikowe ze stacji PKP w Jaroszowcu oraz z le\u015bnego parkingu przy drodze wojew\u00f3dzkiej 783 w pobli\u017cu miejscowo\u015bci Pazurek, a tak\u017ce zielony pieszy szlak turystyczny PTTK.<\/p>\t\t\t\t\t\t\t\t<\/div>\n\t\t\t\t<\/div>\n\t\t\t\t<\/div>\n\t\t<div class=\"elementor-element elementor-element-249d0e25 e-con-full e-flex e-con e-child\" data-id=\"249d0e25\" data-element_type=\"container\" data-e-type=\"container\">\n\t\t\t\t<div class=\"elementor-element elementor-element-1f461ff5 elementor-widget elementor-widget-image\" data-id=\"1f461ff5\" data-element_type=\"widget\" data-e-type=\"widget\" data-widget_type=\"image.default\">\n\t\t\t\t<div class=\"elementor-widget-container\">\n\t\t\t\t\t\t\t\t\t\t\t\t\t\t\t<img fetchpriority=\"high\" decoding=\"async\" width=\"800\" height=\"600\" src=\"https:\/\/umig.olkusz.pl\/wp-content\/uploads\/2023\/11\/rezerwat_pazurek-1024x768.jpeg\" class=\"attachment-large size-large wp-image-4766\" alt=\"\" srcset=\"https:\/\/umig.olkusz.pl\/wp-content\/uploads\/2023\/11\/rezerwat_pazurek-1024x768.jpeg 1024w, https:\/\/umig.olkusz.pl\/wp-content\/uploads\/2023\/11\/rezerwat_pazurek-300x225.jpeg.webp 300w, https:\/\/umig.olkusz.pl\/wp-content\/uploads\/2023\/11\/rezerwat_pazurek-768x576.jpeg 768w, https:\/\/umig.olkusz.pl\/wp-content\/uploads\/2023\/11\/rezerwat_pazurek.jpeg 1500w\" sizes=\"(max-width: 800px) 100vw, 800px\" \/>\t\t\t\t\t\t\t\t\t\t\t\t\t\t\t<\/div>\n\t\t\t\t<\/div>\n\t\t\t\t<\/div>\n\t\t\t\t\t<\/div>\n\t\t\t\t<\/div>\n\t\t\t\t\t<\/div>\n\t\t\t\t<\/div>\n\t\t<div class=\"elementor-element elementor-element-6a0e984a e-flex e-con-boxed e-con e-parent\" data-id=\"6a0e984a\" data-element_type=\"container\" data-e-type=\"container\">\n\t\t\t\t\t<div class=\"e-con-inner\">\n\t\t\t\t<div class=\"elementor-element elementor-element-1894a075 elementor-widget elementor-widget-heading\" data-id=\"1894a075\" data-element_type=\"widget\" data-e-type=\"widget\" data-widget_type=\"heading.default\">\n\t\t\t\t<div class=\"elementor-widget-container\">\n\t\t\t\t\t<h2 class=\"elementor-heading-title elementor-size-default\">Januszkowa G\u00f3ra<\/h2>\t\t\t\t<\/div>\n\t\t\t\t<\/div>\n\t\t\t\t<div class=\"elementor-element elementor-element-27ca7795 elementor-widget-divider--view-line elementor-widget elementor-widget-divider\" data-id=\"27ca7795\" data-element_type=\"widget\" data-e-type=\"widget\" data-widget_type=\"divider.default\">\n\t\t\t\t<div class=\"elementor-widget-container\">\n\t\t\t\t\t\t\t<div class=\"elementor-divider\">\n\t\t\t<span class=\"elementor-divider-separator\">\n\t\t\t\t\t\t<\/span>\n\t\t<\/div>\n\t\t\t\t\t\t<\/div>\n\t\t\t\t<\/div>\n\t\t<div class=\"elementor-element elementor-element-4ab60b37 e-flex e-con-boxed e-con e-child\" data-id=\"4ab60b37\" data-element_type=\"container\" data-e-type=\"container\">\n\t\t\t\t\t<div class=\"e-con-inner\">\n\t\t<div class=\"elementor-element elementor-element-1e3c55fc e-con-full e-flex e-con e-child\" data-id=\"1e3c55fc\" data-element_type=\"container\" data-e-type=\"container\">\n\t\t\t\t<div class=\"elementor-element elementor-element-41a2e62a elementor-widget elementor-widget-text-editor\" data-id=\"41a2e62a\" data-element_type=\"widget\" data-e-type=\"widget\" data-widget_type=\"text-editor.default\">\n\t\t\t\t<div class=\"elementor-widget-container\">\n\t\t\t\t\t\t\t\t\t<p>Januszkowa G\u00f3ra (449 m n.p.m.) to jedno z najbardziej malowniczych jurajskich wzniesie\u0144 w gminie Olkusz. Nazwa Januszkowej G\u00f3ry pochodzi wed\u0142ug legendy od zb\u00f3jnika Janusza, kt\u00f3ry mia\u0142 si\u0119 ongi\u015b schroni\u0107 w tutejszych lasach. W dolnych partiach poro\u015bni\u0119ta jest sosnowym borem, a w g\u00f3rnych buczyn\u0105 otaczaj\u0105c\u0105 malownicze, wapienne ska\u0142y. Teren Januszkowej G\u00f3ry (56 ha) wchodzi w sk\u0142ad obszaru Natura 2000 \u201eJaroszowiec\u201d. Na terenie Januszkowej G\u00f3ry wyst\u0119puje ok. 180 gatunk\u00f3w ro\u015blin naczyniowych, z czego 26 chronionych. Swoist\u0105 ciekawostk\u0105 s\u0105 storczyki, m.in. gnie\u017anik le\u015bny, \u017c\u0142obik koralowaty oraz bu\u0142awnik wielkokwiatowy. Na Januszkowej G\u00f3rze jest 11 jaski\u0144 i schron\u00f3w skalnych. Na szczycie znajduje si\u0119 wej\u015bcie do jaskini Januszkowa Szczelina \u2013 jednej z najg\u0142\u0119bszych jaski\u0144 na Jurze. Z racji na bezpiecze\u0144stwo jaskinia nie jest dost\u0119pna dla turyst\u00f3w.<\/p><p>Zwiedzanie Rezerwatu \u201ePazurek\u201d: doj\u015bcie do \u015bcie\u017cki dydaktycznej szlakiem \u0142\u0105cznikowym od dworca PKP w Jaroszowcu lub od parkingu przy drodze 783 na po\u0142udnie od miejscowo\u015bci Pazurek<\/p><p>Januszkowa G\u00f3ra: Najdogodniejsze doj\u015bcie do szlaku spod ronda przy przeje\u017adzie kolejowym na drodze 783 w Rabsztynie.<\/p>\t\t\t\t\t\t\t\t<\/div>\n\t\t\t\t<\/div>\n\t\t\t\t<\/div>\n\t\t<div class=\"elementor-element elementor-element-57187b16 e-con-full e-flex e-con e-child\" data-id=\"57187b16\" data-element_type=\"container\" data-e-type=\"container\">\n\t\t\t\t<div class=\"elementor-element elementor-element-1b4408c8 elementor-widget elementor-widget-image\" data-id=\"1b4408c8\" data-element_type=\"widget\" data-e-type=\"widget\" data-widget_type=\"image.default\">\n\t\t\t\t<div class=\"elementor-widget-container\">\n\t\t\t\t\t\t\t\t\t\t\t\t\t\t\t<img decoding=\"async\" width=\"800\" height=\"600\" src=\"https:\/\/umig.olkusz.pl\/wp-content\/uploads\/2023\/11\/januszkowa_szczelina-1024x768.jpeg\" class=\"attachment-large size-large wp-image-4768\" alt=\"\" srcset=\"https:\/\/umig.olkusz.pl\/wp-content\/uploads\/2023\/11\/januszkowa_szczelina-1024x768.jpeg 1024w, https:\/\/umig.olkusz.pl\/wp-content\/uploads\/2023\/11\/januszkowa_szczelina-300x225.jpeg 300w, https:\/\/umig.olkusz.pl\/wp-content\/uploads\/2023\/11\/januszkowa_szczelina-768x576.jpeg 768w, https:\/\/umig.olkusz.pl\/wp-content\/uploads\/2023\/11\/januszkowa_szczelina.jpeg 1500w\" sizes=\"(max-width: 800px) 100vw, 800px\" \/>\t\t\t\t\t\t\t\t\t\t\t\t\t\t\t<\/div>\n\t\t\t\t<\/div>\n\t\t\t\t<\/div>\n\t\t\t\t\t<\/div>\n\t\t\t\t<\/div>\n\t\t\t\t\t<\/div>\n\t\t\t\t<\/div>\n\t\t\t\t<\/div>\n\t\t","protected":false},"excerpt":{"rendered":"<p>Rezerwat przyrody Rezerwat przyrody \u201ePazurek\u201d Rezerwat \u201ePazurek\u201d to fragment pradawnych las\u00f3w, jakie niegdy\u015b otacza\u0142y Olkusz od p\u00f3\u0142nocy. W bukowych i jaworowych lasach znajduj\u0105 si\u0119 stanowiska wielu chronionych i zagro\u017conych gatunk\u00f3w flory. Rezerwat Pazurek zosta\u0142 utworzony w 2008 roku i obejmuje obszar 187,91 ha pomi\u0119dzy drog\u0105 wojew\u00f3dzk\u0105 783 \u0142\u0105cz\u0105c\u0105 Olkusz i Wolbrom, a lini\u0105 kolejow\u0105. Najwy\u017cszym [&hellip;]<\/p>\n","protected":false},"author":3,"featured_media":0,"parent":0,"menu_order":0,"comment_status":"closed","ping_status":"closed","template":"","meta":{"ngg_post_thumbnail":0,"footnotes":""},"class_list":["post-4764","page","type-page","status-publish","hentry"],"yoast_head":"<!-- This site is optimized with the Yoast SEO plugin v27.2 - https:\/\/yoast.com\/product\/yoast-seo-wordpress\/ -->\n<title>Rezerwat przyrody - Urz\u0105d Miasta i Gminy w Olkuszu<\/title>\n<meta name=\"robots\" content=\"index, follow, max-snippet:-1, max-image-preview:large, max-video-preview:-1\" \/>\n<link rel=\"canonical\" href=\"https:\/\/umig.olkusz.pl\/index.php\/rezerwat-przyrody\/\" \/>\n<meta property=\"og:locale\" content=\"pl_PL\" \/>\n<meta property=\"og:type\" content=\"article\" \/>\n<meta property=\"og:title\" content=\"Rezerwat przyrody - Urz\u0105d Miasta i Gminy w Olkuszu\" \/>\n<meta property=\"og:description\" content=\"Rezerwat przyrody Rezerwat przyrody \u201ePazurek\u201d Rezerwat \u201ePazurek\u201d to fragment pradawnych las\u00f3w, jakie niegdy\u015b otacza\u0142y Olkusz od p\u00f3\u0142nocy. W bukowych i jaworowych lasach znajduj\u0105 si\u0119 stanowiska wielu chronionych i zagro\u017conych gatunk\u00f3w flory. Rezerwat Pazurek zosta\u0142 utworzony w 2008 roku i obejmuje obszar 187,91 ha pomi\u0119dzy drog\u0105 wojew\u00f3dzk\u0105 783 \u0142\u0105cz\u0105c\u0105 Olkusz i Wolbrom, a lini\u0105 kolejow\u0105. Najwy\u017cszym [&hellip;]\" \/>\n<meta property=\"og:url\" content=\"https:\/\/umig.olkusz.pl\/index.php\/rezerwat-przyrody\/\" \/>\n<meta property=\"og:site_name\" content=\"Urz\u0105d Miasta i Gminy w Olkuszu\" \/>\n<meta property=\"article:publisher\" content=\"https:\/\/www.facebook.com\/olkuszsrebrnemiasto\" \/>\n<meta property=\"article:modified_time\" content=\"2023-11-07T12:42:32+00:00\" \/>\n<meta property=\"og:image\" content=\"https:\/\/nowa.umig.olkusz.pl\/wp-content\/uploads\/2023\/11\/rezerwat_pazurek-1024x768.jpeg\" \/>\n<meta name=\"twitter:card\" content=\"summary_large_image\" \/>\n<meta name=\"twitter:label1\" content=\"Szacowany czas czytania\" \/>\n\t<meta name=\"twitter:data1\" content=\"2 minuty\" \/>\n<script type=\"application\/ld+json\" class=\"yoast-schema-graph\">{\"@context\":\"https:\/\/schema.org\",\"@graph\":[{\"@type\":\"WebPage\",\"@id\":\"https:\/\/umig.olkusz.pl\/index.php\/rezerwat-przyrody\/\",\"url\":\"https:\/\/umig.olkusz.pl\/index.php\/rezerwat-przyrody\/\",\"name\":\"Rezerwat przyrody - Urz\u0105d Miasta i Gminy w Olkuszu\",\"isPartOf\":{\"@id\":\"https:\/\/umig.olkusz.pl\/#website\"},\"primaryImageOfPage\":{\"@id\":\"https:\/\/umig.olkusz.pl\/index.php\/rezerwat-przyrody\/#primaryimage\"},\"image\":{\"@id\":\"https:\/\/umig.olkusz.pl\/index.php\/rezerwat-przyrody\/#primaryimage\"},\"thumbnailUrl\":\"https:\/\/nowa.umig.olkusz.pl\/wp-content\/uploads\/2023\/11\/rezerwat_pazurek-1024x768.jpeg\",\"datePublished\":\"2023-11-07T12:40:13+00:00\",\"dateModified\":\"2023-11-07T12:42:32+00:00\",\"breadcrumb\":{\"@id\":\"https:\/\/umig.olkusz.pl\/index.php\/rezerwat-przyrody\/#breadcrumb\"},\"inLanguage\":\"pl-PL\",\"potentialAction\":[{\"@type\":\"ReadAction\",\"target\":[\"https:\/\/umig.olkusz.pl\/index.php\/rezerwat-przyrody\/\"]}]},{\"@type\":\"ImageObject\",\"inLanguage\":\"pl-PL\",\"@id\":\"https:\/\/umig.olkusz.pl\/index.php\/rezerwat-przyrody\/#primaryimage\",\"url\":\"https:\/\/nowa.umig.olkusz.pl\/wp-content\/uploads\/2023\/11\/rezerwat_pazurek-1024x768.jpeg\",\"contentUrl\":\"https:\/\/nowa.umig.olkusz.pl\/wp-content\/uploads\/2023\/11\/rezerwat_pazurek-1024x768.jpeg\"},{\"@type\":\"BreadcrumbList\",\"@id\":\"https:\/\/umig.olkusz.pl\/index.php\/rezerwat-przyrody\/#breadcrumb\",\"itemListElement\":[{\"@type\":\"ListItem\",\"position\":1,\"name\":\"Strona g\u0142\u00f3wna\",\"item\":\"https:\/\/umig.olkusz.pl\/\"},{\"@type\":\"ListItem\",\"position\":2,\"name\":\"Rezerwat przyrody\"}]},{\"@type\":\"WebSite\",\"@id\":\"https:\/\/umig.olkusz.pl\/#website\",\"url\":\"https:\/\/umig.olkusz.pl\/\",\"name\":\"Urz\u0105d Miasta i Gminy w Olkuszu\",\"description\":\"Urz\u0105d Miasta i Gminy w Olkuszu\",\"publisher\":{\"@id\":\"https:\/\/umig.olkusz.pl\/#organization\"},\"potentialAction\":[{\"@type\":\"SearchAction\",\"target\":{\"@type\":\"EntryPoint\",\"urlTemplate\":\"https:\/\/umig.olkusz.pl\/?s={search_term_string}\"},\"query-input\":{\"@type\":\"PropertyValueSpecification\",\"valueRequired\":true,\"valueName\":\"search_term_string\"}}],\"inLanguage\":\"pl-PL\"},{\"@type\":\"Organization\",\"@id\":\"https:\/\/umig.olkusz.pl\/#organization\",\"name\":\"Urz\u0105d Miasta i Gminy w Olkuszu\",\"url\":\"https:\/\/umig.olkusz.pl\/\",\"logo\":{\"@type\":\"ImageObject\",\"inLanguage\":\"pl-PL\",\"@id\":\"https:\/\/umig.olkusz.pl\/#\/schema\/logo\/image\/\",\"url\":\"https:\/\/umig.olkusz.pl\/wp-content\/uploads\/2023\/03\/herb_strona.jpg\",\"contentUrl\":\"https:\/\/umig.olkusz.pl\/wp-content\/uploads\/2023\/03\/herb_strona.jpg\",\"width\":614,\"height\":658,\"caption\":\"Urz\u0105d Miasta i Gminy w Olkuszu\"},\"image\":{\"@id\":\"https:\/\/umig.olkusz.pl\/#\/schema\/logo\/image\/\"},\"sameAs\":[\"https:\/\/www.facebook.com\/olkuszsrebrnemiasto\"]}]}<\/script>\n<!-- \/ Yoast SEO plugin. -->","yoast_head_json":{"title":"Rezerwat przyrody - Urz\u0105d Miasta i Gminy w Olkuszu","robots":{"index":"index","follow":"follow","max-snippet":"max-snippet:-1","max-image-preview":"max-image-preview:large","max-video-preview":"max-video-preview:-1"},"canonical":"https:\/\/umig.olkusz.pl\/index.php\/rezerwat-przyrody\/","og_locale":"pl_PL","og_type":"article","og_title":"Rezerwat przyrody - Urz\u0105d Miasta i Gminy w Olkuszu","og_description":"Rezerwat przyrody Rezerwat przyrody \u201ePazurek\u201d Rezerwat \u201ePazurek\u201d to fragment pradawnych las\u00f3w, jakie niegdy\u015b otacza\u0142y Olkusz od p\u00f3\u0142nocy. W bukowych i jaworowych lasach znajduj\u0105 si\u0119 stanowiska wielu chronionych i zagro\u017conych gatunk\u00f3w flory. Rezerwat Pazurek zosta\u0142 utworzony w 2008 roku i obejmuje obszar 187,91 ha pomi\u0119dzy drog\u0105 wojew\u00f3dzk\u0105 783 \u0142\u0105cz\u0105c\u0105 Olkusz i Wolbrom, a lini\u0105 kolejow\u0105. Najwy\u017cszym [&hellip;]","og_url":"https:\/\/umig.olkusz.pl\/index.php\/rezerwat-przyrody\/","og_site_name":"Urz\u0105d Miasta i Gminy w Olkuszu","article_publisher":"https:\/\/www.facebook.com\/olkuszsrebrnemiasto","article_modified_time":"2023-11-07T12:42:32+00:00","og_image":[{"url":"https:\/\/nowa.umig.olkusz.pl\/wp-content\/uploads\/2023\/11\/rezerwat_pazurek-1024x768.jpeg","type":"","width":"","height":""}],"twitter_card":"summary_large_image","twitter_misc":{"Szacowany czas czytania":"2 minuty"},"schema":{"@context":"https:\/\/schema.org","@graph":[{"@type":"WebPage","@id":"https:\/\/umig.olkusz.pl\/index.php\/rezerwat-przyrody\/","url":"https:\/\/umig.olkusz.pl\/index.php\/rezerwat-przyrody\/","name":"Rezerwat przyrody - Urz\u0105d Miasta i Gminy w Olkuszu","isPartOf":{"@id":"https:\/\/umig.olkusz.pl\/#website"},"primaryImageOfPage":{"@id":"https:\/\/umig.olkusz.pl\/index.php\/rezerwat-przyrody\/#primaryimage"},"image":{"@id":"https:\/\/umig.olkusz.pl\/index.php\/rezerwat-przyrody\/#primaryimage"},"thumbnailUrl":"https:\/\/nowa.umig.olkusz.pl\/wp-content\/uploads\/2023\/11\/rezerwat_pazurek-1024x768.jpeg","datePublished":"2023-11-07T12:40:13+00:00","dateModified":"2023-11-07T12:42:32+00:00","breadcrumb":{"@id":"https:\/\/umig.olkusz.pl\/index.php\/rezerwat-przyrody\/#breadcrumb"},"inLanguage":"pl-PL","potentialAction":[{"@type":"ReadAction","target":["https:\/\/umig.olkusz.pl\/index.php\/rezerwat-przyrody\/"]}]},{"@type":"ImageObject","inLanguage":"pl-PL","@id":"https:\/\/umig.olkusz.pl\/index.php\/rezerwat-przyrody\/#primaryimage","url":"https:\/\/nowa.umig.olkusz.pl\/wp-content\/uploads\/2023\/11\/rezerwat_pazurek-1024x768.jpeg","contentUrl":"https:\/\/nowa.umig.olkusz.pl\/wp-content\/uploads\/2023\/11\/rezerwat_pazurek-1024x768.jpeg"},{"@type":"BreadcrumbList","@id":"https:\/\/umig.olkusz.pl\/index.php\/rezerwat-przyrody\/#breadcrumb","itemListElement":[{"@type":"ListItem","position":1,"name":"Strona g\u0142\u00f3wna","item":"https:\/\/umig.olkusz.pl\/"},{"@type":"ListItem","position":2,"name":"Rezerwat przyrody"}]},{"@type":"WebSite","@id":"https:\/\/umig.olkusz.pl\/#website","url":"https:\/\/umig.olkusz.pl\/","name":"Urz\u0105d Miasta i Gminy w Olkuszu","description":"Urz\u0105d Miasta i Gminy w Olkuszu","publisher":{"@id":"https:\/\/umig.olkusz.pl\/#organization"},"potentialAction":[{"@type":"SearchAction","target":{"@type":"EntryPoint","urlTemplate":"https:\/\/umig.olkusz.pl\/?s={search_term_string}"},"query-input":{"@type":"PropertyValueSpecification","valueRequired":true,"valueName":"search_term_string"}}],"inLanguage":"pl-PL"},{"@type":"Organization","@id":"https:\/\/umig.olkusz.pl\/#organization","name":"Urz\u0105d Miasta i Gminy w Olkuszu","url":"https:\/\/umig.olkusz.pl\/","logo":{"@type":"ImageObject","inLanguage":"pl-PL","@id":"https:\/\/umig.olkusz.pl\/#\/schema\/logo\/image\/","url":"https:\/\/umig.olkusz.pl\/wp-content\/uploads\/2023\/03\/herb_strona.jpg","contentUrl":"https:\/\/umig.olkusz.pl\/wp-content\/uploads\/2023\/03\/herb_strona.jpg","width":614,"height":658,"caption":"Urz\u0105d Miasta i Gminy w Olkuszu"},"image":{"@id":"https:\/\/umig.olkusz.pl\/#\/schema\/logo\/image\/"},"sameAs":["https:\/\/www.facebook.com\/olkuszsrebrnemiasto"]}]}},"_links":{"self":[{"href":"https:\/\/umig.olkusz.pl\/index.php\/wp-json\/wp\/v2\/pages\/4764","targetHints":{"allow":["GET"]}}],"collection":[{"href":"https:\/\/umig.olkusz.pl\/index.php\/wp-json\/wp\/v2\/pages"}],"about":[{"href":"https:\/\/umig.olkusz.pl\/index.php\/wp-json\/wp\/v2\/types\/page"}],"author":[{"embeddable":true,"href":"https:\/\/umig.olkusz.pl\/index.php\/wp-json\/wp\/v2\/users\/3"}],"replies":[{"embeddable":true,"href":"https:\/\/umig.olkusz.pl\/index.php\/wp-json\/wp\/v2\/comments?post=4764"}],"version-history":[{"count":4,"href":"https:\/\/umig.olkusz.pl\/index.php\/wp-json\/wp\/v2\/pages\/4764\/revisions"}],"predecessor-version":[{"id":4771,"href":"https:\/\/umig.olkusz.pl\/index.php\/wp-json\/wp\/v2\/pages\/4764\/revisions\/4771"}],"wp:attachment":[{"href":"https:\/\/umig.olkusz.pl\/index.php\/wp-json\/wp\/v2\/media?parent=4764"}],"curies":[{"name":"wp","href":"https:\/\/api.w.org\/{rel}","templated":true}]}}